13*v + 17*v - v**2 - 16*v - 20 - 5. Determine o(12).
-1
Let s be -7*1*(544/(-112))/17. Let p(f) = -3*f + 2 - 7*f**2 + 14*f**2 - 10*f**2 - f**3 + 6*f**s. Give p(2).
0
Let z(x) be the first derivative of -x**4/4 + x**3 - 1. Suppose 13700 - 13832 = -44*v. What is z(v)?
0
Let h(l) = 5*l**3 - l**2 - 5*l + 2. Suppose -6*s - 66 + 102 = 0. Let a(f) = -f**3 - f**2 + f + 1. Let g(v) = s*a(v) + h(v). Determine g(-7).
1
Let t(g) = -8*g**2 + g - 78. Let j(p) = 7*p**2 - 3*p + 48. Let r(d) = 3*j(d) + 2*t(d). Give r(-5).
148
Let n(g) be the first derivative of g**6/120 - g**5/60 - g**4/24 + 59*g**2/2 - 73. Let r(d) be the second derivative of n(d). Determine r(1).
-1
Suppose -21 = 5*z - d, 5*z + 2*d + 29 = d. Let w be -2 + -2 + (z - -8). Let q(o) = o**2 - 2*o + 4*o**2 + 13 - 18 + 4. Determine q(w).
6
Let g(z) = -z**3 - 5*z**2 - 2*z + 4. Let s = 11 + 4. Suppose 4*l + s = b + 2*b, -20 = -4*b - 4*l. Suppose 5*x - 3 = 3*r - 21, 0 = 3*x + b*r + 4. Determine g(x).
-8
Let s(m) = 3*m - 9. Let z(n) = 3*n - 8. Suppose 11 - 31 = -4*u. Let c(x) = u*s(x) - 6*z(x). Let v = 391 + -387. What is c(v)?
-9
Let m(s) be the first derivative of -s**4/4 + 2*s**3/3 + s**2 + 6*s - 807. Calculate m(3).
3
Let j(d) = d**2 + 5*d - 68. Suppose 3*z = -77*z - 53*z + 931. Give j(z).
16
Let j(l) = l**2 + 19*l + 22. Let z(n) = 2*n**2 + 36*n + 41. Let i(y) = 11*j(y) - 6*z(y). Suppose 5*m + 17 + 13 = 0. Calculate i(m).
2
Let d(t) be the first derivative of t + 1/2*t**2 + 5/4*t**4 + 1/3*t**3 - 90. Determine d(-1).
-4
Let y(t) = -3*t**3 + 4*t**2 + 3*t. Let v(a) = 6*a**2 - 197*a**3 - a + 5*a + 193*a**3. Let u(x) = 5*v(x) - 7*y(x). What is u(-3)?
-6
Let h(k) = -k**3 + 2*k**2 + 2*k + 5. Let b be 30/(-3) + -2 - -15. Calculate h(b).
2
Let f = -76 - -83. Let m(t) be the second derivative of -t**5/20 + 2*t**4/3 - 2*t**3/3 - 5*t**2 - 243*t. Determine m(f).
11
Let z = 3736 - 3735. Let t(r) be the third derivative of -r**4/8 + 32*r**2. Give t(z).
-3
Let j(t) = 762*t - 789. Let g be j(1). Let k(c) = c**3 + 27*c**2 + 6*c + 164. Determine k(g).
2
Let f(h) = h**2 - 6*h + 0*h + 87*h + 143 - 31*h + 0*h**2. Determine f(-47).
2
Suppose 4*s - 27*t + 29*t - 24 = 0, -s + 5*t + 17 = 0. Let n(u) = -11*u + 1. Give n(s).
-76
Let o be 102/(-14) - (-6)/21. Let q(t) = -t**2 - 8*t + 57 - 222 + 82 + 75. Give q(o).
-1
Suppose j + 427 = 438. Let h(u) = 6*u - 11. Let s(k) = k - 1. Let z(t) = -h(t) + 4*s(t). Determine z(j).
-15
Let g(h) = -h - 24. Let m be g(-24). Let y(s) = -1 - 2 - s - s**2 - 8 - 3. Calculate y(m).
-14
Let n(j) = 2*j**2 + 2. Suppose 5*o - 159 = 3*o - 5*a, 0 = -3*o - a + 245. Suppose 0 = 2*s + o - 8. Let b = s + 35. Calculate n(b).
10
Let n(m) = 212*m - 53 - 90*m - 121*m + 8. What is n(37)?
-8
Suppose -14*x = 2*x + 63 - 95. Let w(b) be the first derivative of 9 - 2*b + 1/2*b**x. Give w(-5).
-7
Suppose -2*x + 1699 = w, -5*x - 2*w = -5068 + 819. Let b(j) = -7*j**2 - 2 + x*j - 850*j + 0*j**2. Determine b(-2).
-32
Suppose 2*a - 6*a = b - 192, 2*a - 5*b = 118. Suppose 0 = 2*q + 4*w - 4, 0*q + 5*w - a = 3*q. Let v(s) = 538 - 2*s + s**2 - 536 + 8*s + 3*s. Determine v(q).
-6
Suppose -4*t = -l + 57, 3*t - 3*l + 45 = -0*t. Let j be -1 + (-7)/t*-6. Let q(g) = -2*g**2 - 3*g - 1. What is q(j)?
-21
Suppose -22*r - u = -26*r - 59, 10 = -2*u. Let a(b) = -b**2 - 18*b + 16. What is a(r)?
48
Let m(x) be the first derivative of -17*x**2/2 - 30*x - 747. What is m(-2)?
4
Let q(w) = 3*w - 22. Let a(i) = -6*i - 195. Let j(v) = a(v) - 3*q(v). Calculate j(-7).
-24
Let s be (11/4 + (28 - 33))/(4/(-16)). Let p(a) = -a - 4. Determine p(s).
-13
Suppose 8*k - 678 = 5*k. Let c(b) = -453 + k + 232 + b. Determine c(6).
11
Let k(r) = r**3 + 50*r**2 - 118*r - 731. Let s be k(-52). Let z(w) = 156*w + 476. Determine z(s).
8
Let z(v) = 5*v**2 + 134*v - 36. Let x be 6*(-7 - (-352)/40)*(-10)/4. What is z(x)?
-9
Let o(p) = 315*p**3 - 131 + p + 49 - 316*p**3. Give o(0).
-82
Let a(c) = -c**3 + 6 + 88*c**2 - 290*c**2 + 104*c**2 + 113*c**2 - c. What is a(15)?
-9
Let s(n) = 2*n + 5. Let b(c) = -9*c - 15. Let i(l) = 3*b(l) + 6*s(l). What is i(-1)?
0
Suppose 92 - 36 = 2*t - 5*a, -5*a - 2 = t. Let p(d) = t - 8 + 42*d - 17*d - 10. Give p(1).
25
Let m(n) = 35*n - 13. Suppose -2*k - 21 = -3*a - 20, -7 = 5*k - 3*a. What is m(k)?
-83
Let x = -27 - -47. Let h be -1*2/10 - (-384)/x. Suppose 3 = -h*q + 20*q. Let r(o) = -o. Calculate r(q).
-3
Let t(l) be the first derivative of 3*l**2/2 + 15*l + 3064. Give t(10).
45
Let r be (-8638)/(-10) + 7/35. Let b be r/10 + (-75)/(-125). Let q = b - 85. Let v(c) = 6*c**2 + 3*c - 3. Calculate v(q).
27
Let k(d) = -2*d**2 - 5*d - 5. Let h be -1 + ((-83)/(-2))/((-2)/4). Let y be h/4 + 3*-1 + 0. Let g be (y/(-15))/((-4)/10). Calculate k(g).
-17
Let v = 1674 - 1671. Let o(p) = -p**2 + p - 1. Let i(f) = 4*f**2 - 10*f + 7. Let q(t) = i(t) + 3*o(t). Calculate q(v).
-8
Let z(v) be the second derivative of v**3/3 - v**2 - 3*v. Suppose -2*h - 111 = 4*c + h, -4*h = -3*c - 52. Let y = -22 - c. Give z(y).
2
Let c be (-6 + -3 - 2)/(3 - 4). Let x(k) be the first derivative of k**3/3 - 6*k**2 + 15*k - 10. Give x(c).
4
Let x(s) = 3*s**2 - 32*s + 12. Let w be (14 - -16)*(6 + (-136)/24). Give x(w).
-8
Let a(z) = 773*z + 5411. Let n be a(-7). Let d(v) = -v**2 + v. Let p(t) = 6*t**2 - 6*t - 8. Let f(j) = -5*d(j) - p(j). What is f(n)?
8
Let d(i) = -2*i**2 - i. Let u(y) = -2*y**2 - 4*y - 2. Suppose 2*k = -3*t + 5, -4*t + 5 = -5*k + 29. Let f(n) = t*u(n) + 2*d(n). Calculate f(3).
-10
Suppose -n + 5 = -2. Let f(w) = 22*w - 77. Let p(u) = -5*u + 19. Let m = -163 - -172. Let j(v) = m*p(v) + 2*f(v). Give j(n).
10
Let f(r) = -4*r - 16. Let d(v) = 4*v**2 + 242 - 14*v - 250 - 2*v**2. Let h be d(7). Calculate f(h).
16
Let p(c) = -c + 17. Suppose 199*b - 198*b - 4 = 0. Let t(o) = o - 3. Let y(w) = b*t(w) + p(w). Give y(-4).
-7
Let p = -2197 + 2205. Let y(r) = -11*r + 38. Give y(p).
-50
Let k = 5 - 8. Let l(m) = 2*m**2 + 6*m + 11. Let z(o) = -o**2 - 3*o - 6. Let g be 7/(-3) + 3 - (-26)/6. Let r(s) = g*z(s) + 3*l(s). Determine r(k).
3
Suppose 0 = 3*r + 358*c - 359*c + 13, 4*r - 5*c - 1 = 0. Let z(v) = -v**3 - 4*v**2 + 11*v - 10. Calculate z(r).
-4
Let n(m) = 1911 + 201*m**2 - 1904 - 209*m**2 - m + m**3. Determine n(9).
79
Let g = -9104 - -9122. Let i(o) = o**2 - 21*o + 21. What is i(g)?
-33
Let i(q) = 15*q - 64*q**2 - 71*q**2 - 55*q**2 - 65*q**2 + 2 + 254*q**2. Give i(5).
52
Let n(k) be the second derivative of 5*k**3/6 + 18*k**2 - 551*k. Give n(-14).
-34
Let d(r) be the second derivative of -1/12*r**4 - 2*r**3 + 64 + 3*r**2 - r. Calculate d(-11).
17
Let x = -683 - -657. Let b = x + 17. Let l(r) = -r - 2. Give l(b).
7
Let u(k) = 48 + k - 11*k + 6*k + 7*k + 2*k. Let a be u(-10). Let g(i) be the first derivative of -i**2/2 - i - 3. What is g(a)?
1
Suppose 40 = 9*p - p. Suppose -7 = p*v - 2, v + 4 = t. Let x(i) = 2*i**3 - 8*i**3 + 8*i**3 + 1 - i**t. Calculate x(-1).
0
Let a(d) = d**3 + 9*d**2 + d + 4. Let k be a(-9). Let t(p) be the second derivative of 1/3*p**4 + 0 - 3*p**2 + 1/20*p**5 - 2/3*p**3 - 26*p. Give t(k).
-11
Let r(k) = -29*k + 75. Let l(i) = -4*i + 11. Let q(b) = -21*l(b) + 3*r(b). Calculate q(4).
-18
Let r(f) be the second derivative of f**3 - 60*f**2 - 23*f - 29. What is r(17)?
-18
Let y(g) = -294*g**2 + 24*g + g**3 + 0 + 280*g**2 - 2 + 10. Let m be y(12). Let v(f) = 4*f - 5 - 6 - 3*f. Determine v(m).
-3
Let d(j) = -9*j + 2. Let s = -87 + 84. Let q = 12 + -21. Let z be s/(((-3)/(-9))/(2/q)). Determine d(z).
-16
Suppose -2*r + 3*u - 6 = 0, 4*r = 2*u - 3*u - 12. Let c(l) = l + 4. Let x be c(r). Let q = -8 + x. Let o(j) = j**3 + 6*j**2 - 3*j + 6. Calculate o(q).
-22
Let v(d) be the second derivative of -23/12*d**4 + 15*d + 0 + 0*d**3 + 0*d**2 + 1/30*d**5 + 1/240*d**6. Let m(y) be the third derivative of v(y). Give m(-3).
-5
Suppose -3*b = 3*z + 222 + 180, 5*b = 0. Let a = 141 + z. Let t(h) = -2*h + 10. What is t(a)?
-4
Let m(w) be the second derivative of 5/2*w**2 + 0 - 252*w - 3/2*w**3. Determine m(-4).
41
Suppose -11*f + 14*f - 213 = 0. Let c(y) = 69*y - 4 - f*y - 3. Let r(q) = -2. Let j(o) = c(o) - 2*r(o). Give j(3).
-9
Let c(n) be the third derivative of 0 + 11/6*n**3 + 0*n + 1/4*n**4 + 7/60*n**5 - 1/120*n**6 + 135*n**2. What is c(8)?
-5
Let n(k) be the first derivative of -k**2/2 - 4*k - 255. Suppose 25 = 2*h + 3*g, 4*g + 80 = 3*h - 0*h. Let b = -22 +